*3 - 8*y**3 + 3. Give b(l).
9
Let c(f) = f**2 + f - 9. Let r be c(3). Let y(z) = 0*z**3 - 3*z + 2 + 50*z**2 - z**3 + 0*z**r - 56*z**2. What is y(-5)?
-8
Let r(c) = -192 - 188 + 2*c + 572 - 184. Suppose -a + 5*a = -68. Let o(g) = 6*g + 24. Let v(x) = a*r(x) + 6*o(x). Determine v(-7).
-6
Let r(m) = 9*m - 1. Let o(i) = -5*i + 1. Let p(f) = -7*o(f) - 4*r(f). Give p(-3).
0
Let t(o) be the second derivative of -o**3/6 - 6*o**2 - 33*o. Suppose -4*h + 5*j = 15, -4 + 10 = 2*h + 2*j. Give t(h).
-12
Let g(f) = 2*f**3 + 2*f**2 + f - 2. Let d = 166 + -164. Determine g(d).
24
Let r(c) = -5 + 50*c**2 + 49*c**2 + 48*c**2 + 10*c + 50*c**2 - c**3 - 196*c**2. Give r(3).
7
Let v(n) = n**3 + 5*n**2 + 3*n + 5. Let t(c) be the second derivative of c**5/10 + c**4/2 + c**3/3 + 3*c**2 + 9*c. Let i(f) = 2*t(f) - 3*v(f). Calculate i(4).
-7
Let l(u) = u**2 - 2*u - 3. Let k(h) be the third derivative of -1/60*h**5 + 5/6*h**3 + 6*h**2 + 0*h + 0 + 1/8*h**4. Let j(c) = -4*k(c) - 7*l(c). What is j(-1)?
-4
Let m(q) = 9*q**2 - 2. Let a = 154 - 105. Let c(t) = 217*t**2 - 49. Let r(b) = a*m(b) - 2*c(b). Calculate r(2).
28
Let b(q) = -q**3 + 7*q**2 + 9*q - 12. Let v(w) = w + 3. Let f be v(9). Let c(k) = -k**2 + 12*k + 8. Let l be c(f). Give b(l).
-4
Let z(c) be the third derivative of c**6/120 - 4*c**5/15 - 2*c**4/3 - 7*c**3/6 + c**2 - 336*c. What is z(17)?
10
Let a(w) = -w**3 - 25*w**2 - 2*w - 29. Let l(k) = 2*k**2 - 2*k - 1. Let u(j) = -a(j) - 6*l(j). Determine u(-12).
11
Let t be -3*(-6)/(-18) - 4. Let y(d) = d**3 + 4*d**2 - 6*d + 2. Give y(t).
7
Let v(b) be the third derivative of b**4/24 + 3*b**3/2 - 7*b**2. Let f be v(-5). Let l be (16/f + -9)/1. Let p(t) = t + 1. Give p(l).
-4
Let y = 4 - 0. Let o(z) = 2*z**2 - 10*z - 8. Let m(k) = 3*k**2 - 15*k - 14. Let v(r) = -5*m(r) + 8*o(r). Determine v(y).
2
Suppose -5*h + 0*i + 6 = 4*i, 0 = 2*h + i. Let m be (-9)/6*4/h. Let t(g) be the second derivative of g**4/12 - g**3/6 - g**2/2 + 3*g. What is t(m)?
5
Let r(k) be the first derivative of 1/2*k**2 - 5*k - 8. Suppose -5*s - 2*b - 8 = 0, -b = -5*s + 4*b + 20. Give r(s).
-5
Let f(w) = 18*w**2 + 8*w - 3. Let y(g) = 19*g**2 + 5*g - 2. Let z(j) = -2*f(j) + 3*y(j). Suppose r - 4 = 0, -19 + 0 = 3*l - 4*r. Calculate z(l).
22
Let u = 20 + -42. Suppose 2*w + 2*a = 4*w - 42, 4*a = -3*w + 70. Let h = u + w. Let t(r) = -r**2 - r - 1. Determine t(h).
-1
Let c(s) = -s + 1. Suppose 12*j - 39 - 9 = 0. What is c(j)?
-3
Suppose -6 + 3 = -g. Let q be (1 + 2 - g) + -1. Let a be q/(4/40*-2). Let o(h) = -h**2 + 6*h + 5. Determine o(a).
10
Let r(s) = s + 1. Let o(p) = -26*p**2 + p + 3. Let b(c) = o(c) - 2*r(c). Let j = 1791 + -1790. What is b(j)?
-26
Let q(o) = 5 + 6*o + 2 + 2*o + 3 - 5*o**2 - o**3. What is q(-6)?
-2
Let b(g) = g**2 + 2. Let o(n) = -n**2. Let u(l) = b(l) + 2*o(l). Let i = -66 - -68. Calculate u(i).
-2
Let k be (-15)/(-6) + (-8)/16. Let a(p) = 1 - 84*p + 2 + 89*p - 6 + k*p**2. Determine a(-4).
9
Let q(l) be the second derivative of -l**4/24 + l**3/6 + 8*l**2 - 11*l. Let i(d) be the first derivative of q(d). Determine i(-3).
4
Let c(y) = -2 - 13*y**3 + 28*y**3 + 5*y + 6*y**2 - 14*y**3. Calculate c(-5).
-2
Suppose -h = 2*n + 3, 3*h = h + 2*n + 24. Suppose -14 = -3*s - r - 0, -3*s = 2*r - 10. Let x(b) = 2*b**2 + s*b - h*b**2 + 6*b**2 + 9. Calculate x(-6).
9
Suppose -2*r = -4*r + a + 5, -5 = 5*a. Let n(h) = r - 1 - 3 - 5*h - h**2. Let l be 28/21*6/(-2). Calculate n(l).
2
Let x = -151 + 152. Let m(y) = -28*y. What is m(x)?
-28
Let r(z) be the third derivative of z**6/24 - z**5/60 + z**4/12 + z**3/3 - z**2 + 39*z. Calculate r(-1).
-6
Let b(l) = -4*l**3 - 1. Suppose -x - 46 = -47*x. Determine b(x).
-5
Suppose 12 = 3*j, 4*f - 6*j + 7*j = 4. Let z(r) = r**3 + r - 46. What is z(f)?
-46
Let c(o) = -3*o + 37. Let i be c(10). Let a be (-10)/i - 6/(-14). Let p(x) = -3*x**3 + x**2. Determine p(a).
4
Let y(p) = -24*p**2 - 16*p - 19. Let n(m) = -107*m**2 - 65*m - 75. Let l(h) = 2*n(h) - 9*y(h). Give l(-4).
-3
Let v(a) = -a**3 - 3*a**2 - 2. Let d = 16 + -26. Let b(m) = m**3 + 11*m**2 + 17*m - 22. Let g be b(-9). Let k = g - d. Give v(k).
-2
Let t(m) be the second derivative of -m**3/6 + 10*m**2 - 15*m. Give t(22).
-2
Let h(j) = -2*j**2 - 3*j + 3. Let p(s) = -2*s**2 - 3*s + 2. Let f(b) = -3*h(b) + 4*p(b). Suppose 0 = -2*z - 2 - 2. Determine f(z).
-3
Let b = -13 + 8. Let l(r) = 17*r**2 - 9*r. Let d(w) = -62*w**2 + 35*w. Let y(s) = -3*d(s) - 11*l(s). Determine y(b).
5
Let f(j) be the first derivative of 5*j + 11 - 1/2*j**2. What is f(0)?
5
Let r(h) = 31 + 2*h + 2 - 4*h - 4*h. Calculate r(7).
-9
Let i(n) = -15*n**3 - 3 + 408*n - 2*n**2 + 2 - 410*n. Give i(-1).
14
Let b(k) = -k + 3. Let g(v) = v - 11. Let y(c) = 2*b(c) + g(c). Determine y(-8).
3
Let r = 16 - 14. Let h(x) = -x**2 - 7*x + 6*x - 15*x**r. What is h(1)?
-17
Let m(z) = 1 - 6 - z - 6*z - 3 + 5*z**2. Let j be m(6). Let v(f) = -f - 130 + j. Calculate v(6).
-6
Let o(g) = g**2 - 4*g - 1. Let c(r) = 10*r + 1. Let p be c(-1). Let i = -4 - p. Determine o(i).
4
Let q(m) be the third derivative of -m**5/60 + 6*m**2 - 21*m. Let s be 1*-1*(7 + -2). Let d(p) = p**3 + 5*p**2 + 2. Let a be d(s). Determine q(a).
-4
Let z(c) = -c + 5. Suppose t + 8 = 3*t. Suppose -j = t*j + 25. Determine z(j).
10
Let i(r) = 1. Let f(h) = h + 3. Let t(v) = f(v) - i(v). What is t(7)?
9
Let k(y) = -2*y**3 - 5*y**2 + 3*y**2 + 0*y**2 - 1. Let w = -46 + -12. Let l = 56 + w. Determine k(l).
7
Let y be -1*(2 - 2) - -1. Let o = 118 - 123. Let n = y - o. Let s(r) = -r**3 + 6*r**2 - 1. Calculate s(n).
-1
Suppose 0 = -2*p - 13 - 5. Let q be 2/p - 1528/(-72). Let o = -17 + q. Let v(u) = u**2 - 5*u + 4. Determine v(o).
0
Let w(i) = -9*i**2 + 2*i - 1. Let a be 30/36 + (-2)/(-12). Give w(a).
-8
Let y(i) = 2 + 476*i**2 - 475*i**2 - 4 - 17*i. Give y(13).
-54
Let r(l) = -5*l**3 + l - 1. Let v(k) = 2*k**2 - 5*k - 74. Let a be v(-5). What is r(a)?
-5
Suppose -17 = 16*l + l. Let w(b) = -4*b**2. Determine w(l).
-4
Suppose -170 + 500 = -30*m. Let t(i) = -i**3 - 12*i**2 - 8*i + 30. Determine t(m).
-3
Let m(c) = 1 - c**2 - 7738*c + 4*c**2 + 7727*c + c**3 + 0*c**2. Give m(-5).
6
Suppose 8*h - 4*h - 24 = -3*m, -5*m + 35 = 5*h. Let p(j) = j**3 - 5*j**2 - 3*j + 3. Give p(m).
-25
Let x(n) = -5*n**2 + 11*n + 13. Let p be x(3). Let j(t) = -57*t - 1. Give j(p).
-58
Let c(v) be the third derivative of 5*v**5/12 - v**2 + 44*v. What is c(1)?
25
Let o be (-64)/12 - 4/6. Let z(m) be the second derivative of -m**3/3 - 4*m**2 + 13*m. Determine z(o).
4
Let u be 1 + -2 - (-2 + 0). Let q = -57 + 58. Let a(t) = -q - u + t - 2. Calculate a(0).
-4
Let a(i) = 4*i**3 - 10*i**2 - 9*i + 11. Let l(g) = -9*g**3 + 21*g**2 + 18*g - 23. Let z(r) = 7*a(r) + 3*l(r). Give z(8).
0
Suppose 5*g + 0*g - 15 = 0. Let h(u) = -20122 + 0*u**2 + u**2 + 20122. Determine h(g).
9
Let n(z) = z**3 - 2*z**2 - z + 1. Let o = 4 - 2. Let x(i) = -33*i - 190. Let t be x(-6). Suppose -r + t = -3*s + 6*s, -o = -r. Calculate n(s).
-1
Let w(g) = -11*g**3 + g**2 - 11*g + 32. Let x(p) = 5*p**3 - p**2 + 5*p - 15. Let d(h) = -4*w(h) - 9*x(h). Let l be (-17)/(-3) - (-2)/(-3). Calculate d(l).
2
Let z(n) = -n**2 + 5*n - 1. Let h be z(2). Suppose 16 = -t + 5*o - h, 5*o - 41 = -4*t. Let w(b) = -b**3 + 2*b**2 + 3*b. Calculate w(t).
-20
Let g(k) = -45*k**2 + 14*k**2 - 7*k + 0*k + 3 + 5*k. Give g(1).
-30
Let q(n) = -n**3 - 5*n**2 + 3*n. Suppose -2*w = -4*z - 14, 2*z - 5*w = -0*z + 5. Calculate q(z).
-15
Let s(f) = 3*f**2 + f + 3. Let d(k) = -5*k**2 - k - 4. Let n = 11 + -16. Let w(y) = n*d(y) - 8*s(y). Determine w(3).
-4
Let r(c) be the second derivative of c**5/20 - 3*c**4/4 + 2*c**3 - 25*c**2/2 + c + 160. Calculate r(8).
7
Let q(u) = 3*u + 170*u**2 + 8 - 83*u**2 - 88*u**2. Give q(4).
4
Let l be (-925)/(-125) + (-2)/5. Suppose l*r + 4 - 11 = 0. Let x(j) = r + 3*j - 4*j + 2 - 4. Determine x(6).
-7
Let j(w) = 9*w - 37. Let f(x) = 2*x - 11. Let n(k) = 7*f(k) - 2*j(k). What is n(-7)?
25
Let b(y) = y + 4 - 1 + y. Let u(p) = 2*p**2 + 22*p + 54. Let m be u(-4). Give b(m).
-1
Let h(g) = 2*g - 12. Suppose -i + 47 = 4*u + 59, 16 = 2*i - 2*u. Calculate h(i).
-4
Let y = 7 - 5. Suppose -6*a = -3*x - a - 3, y*x + 7 = 5*a. Suppose -3*c - 2*c = x*z + 4, -z = c. Let s(t) = -t**2 - 4*t - 2. Calculate s(c).
-2
Let i(j) = -5*j**3 + 0*j**2 - 5*j**2 - 1 + 3*j**3 + 4*j**2. Calculate i(-2).
11
Let l